{"id":11894,"date":"2024-04-21T13:03:50","date_gmt":"2024-04-21T12:03:50","guid":{"rendered":"http:\/\/www.listephoenix.com\/?page_id=11894"},"modified":"2025-05-18T12:13:14","modified_gmt":"2025-05-18T11:13:14","slug":"lutte-chimique","status":"publish","type":"page","link":"http:\/\/www.listephoenix.com\/?page_id=11894","title":{"rendered":"5.Lutte chimique"},"content":{"rendered":"\n<p><strong><strong><strong>CRP 2015-2024. Historique de la lutte int\u00e9gr\u00e9e (integrated pest management = IPM) contre les ravageurs des palmiers rhynchophorus ferrugineus &amp; paysandisia archon (french &amp; italian riviera).<\/strong><\/strong><\/strong>\u00a0R\u00e9dacteur: Robert CASTELLANA. Statut: compte-rendu de recherches<strong>. Retour au dossier menaces:\u00a0<\/strong><a href=\"http:\/\/www.listephoenix.com\/?page_id=7469\">Lien<\/a><\/p>\n\n\n\n<p><strong>Avec le Projet Phoenix, nous avons mis en \u0153uvre un r\u00e9seau d\u2019\u00e9changes d\u2019exp\u00e9riences qui rassemble les principales collections de palmiers des jardins botaniques de la C\u00f4te d\u2019Azur fran\u00e7aise et italienne, soit une centaine d&rsquo;esp\u00e8ces<strong>, introduits dans ces r\u00e9gions depuis la fin du moyen-\u00e2ge. Une partie importante de ces palmiers a d\u00e9sormais colonis\u00e9 les espaces verts de la r\u00e9gion. Ils sont \u00e0 l\u2019origine d\u2019un paysage embl\u00e9matique \u00e0 forte valeur touristique. Plusieurs de ces esp\u00e8ces ont aussi une valeur patrimoniale, en termes de biodiversit\u00e9 : il s\u2019agit des palmiers m\u00e9diterran\u00e9ens autochtones.<\/strong> Nomm\u00e9 Riviera Gardens, notre r\u00e9seau a pour objectif d\u2019\u00e9changer \u00e0 propos de nos protocoles de lutte contre les ravageurs \u00e9mergents et de promouvoir une strat\u00e9gie de Lutte Int\u00e9gr\u00e9e (Integrated Pest Management). La lutte int\u00e9gr\u00e9e ne consiste pas dans un catalogue de techniques disponibles. Ces techniques doivent en effet \u00eatre hi\u00e9rarchis\u00e9es. C\u2019est pour cela que l\u2019on parle de strat\u00e9gie. A la base de la pyramide on trouve la pr\u00e9vention, qui \u00e9vitera d\u2019avoir recours aux \u00e9tages suivants, les techniques de lutte.<\/strong> <strong>Outre les tutelles scientifiques des jardins botaniques, le r\u00e9seau Riviera Gardens rassemble plusieurs instituts de recherche, en Italie, Espagne et Tunisie, ainsi que divers acteurs publics et priv\u00e9s. <\/strong><\/p>\n\n\n\n<figure class=\"wp-block-image size-full\"><img loading=\"lazy\" decoding=\"async\" width=\"438\" height=\"280\" src=\"http:\/\/www.listephoenix.com\/wp-content\/uploads\/2024\/10\/00-IPM-5-piliers.jpg\" alt=\"\" class=\"wp-image-12475\" srcset=\"http:\/\/www.listephoenix.com\/wp-content\/uploads\/2024\/10\/00-IPM-5-piliers.jpg 438w, http:\/\/www.listephoenix.com\/wp-content\/uploads\/2024\/10\/00-IPM-5-piliers-300x192.jpg 300w, http:\/\/www.listephoenix.com\/wp-content\/uploads\/2024\/10\/00-IPM-5-piliers-150x96.jpg 150w\" sizes=\"auto, (max-width: 438px) 100vw, 438px\" \/><\/figure>\n\n\n\n<p><strong>LES TECHNIQUES DE LUTTE CHIMIQUE CONTRE LE RAVAGEUR DES PALMIERS RHYNCHOPHORUS FERRUGINEUS<\/strong><\/p>\n\n\n\n<p><strong>Sommaire<br>1. Analyse des risques (Hazard analysis)<br>2. L\u2019assainissement m\u00e9canique<br>3. L\u2019assainissement chimique<\/strong><\/p>\n\n\n\n<p><strong>Abstract. La lutte chimique, qui devrait constituer l&rsquo;ultime recours en mati\u00e8re de lutte int\u00e9gr\u00e9e, a \u00e9t\u00e9 syst\u00e9matiquement promue dans les strat\u00e9gies europ\u00e9ennes sous deux modalit\u00e9s : l\u2019aspersion de pesticides au niveau de la partie sommitale des palmiers et l\u2019injection de ces m\u00eames pesticides \u00e0 l\u2019int\u00e9rieur du stipe. Les techniques d\u2019aspersions d\u2019insecticides chimiques rencontrent plusieurs obstacles. Le principal r\u00e9side dans la faible persistance des produits, ce qui peut conduire \u00e0 renouveler les aspersions tous les mois pour des palmiers tr\u00e8s sensibles comme <em>Phoenix canariensis<\/em>. Ces produits peuvent par ailleurs impacter de nombreuses esp\u00e8ces animales, sans parler des op\u00e9rateurs qui les appliquent et de la population notamment en milieu urbain.<\/strong><\/p>\n\n\n\n<p><strong>1. Analyse des risques (Hazard analysis). <\/strong>Les techniques d\u2019aspersions d\u2019insecticides chimiques ont montr\u00e9 une r\u00e9elle efficacit\u00e9, en mati\u00e8re de lutte pr\u00e9ventive. De nombreux propri\u00e9taires (publics et priv\u00e9s) ont ainsi trait\u00e9 avec succ\u00e8s leurs palmiers de cette mani\u00e8re, en respectant un minimum de r\u00e8gles de s\u00e9curit\u00e9. Techniquement, l\u2019aspersion peut \u00eatre r\u00e9alis\u00e9e \u00e0 de moindres frais en utilisant une lance d\u2019arrosage t\u00e9lescopique coupl\u00e9e \u00e0 une motopompe, ou une installation \u00e0 demeure de tubes fixes. Afin d\u2019\u00e9viter la dispersion des produits dans l\u2019environnement, il \u00e9tait par ailleurs judicieusement conseill\u00e9 de proc\u00e9der \u00e0 une diffusion lente par arrosage au sommet de l\u2019arbre, plut\u00f4t qu\u2019\u00e0 une pulv\u00e9risation. Un grand d\u00e9sordre a toutefois r\u00e9gn\u00e9 dans le domaine phytosanitaire en mati\u00e8re r\u00e9glementaire, qu\u2019il s\u2019agisse de la variation des produits autoris\u00e9s d\u2019un pays \u00e0 l\u2019autre ou encore des conditions d\u2019acc\u00e8s \u00e0 ces m\u00eames produits. Il existe pourtant un standard d\u2019\u00e9valuation de la dangerosit\u00e9 des pesticides, nomm\u00e9 Quebec Risk Indicator=IRPeQ, reposant sur une base de donn\u00e9es internationale. Cet index croise 2 types d\u2019impacts, sur la sant\u00e9 (Health Risk Index=HRI) et sur l\u2019environnement (Environmental Risk Index=ERI). En Europe, ces impacts ont par contre \u00e9t\u00e9 \u00e9valu\u00e9s au seul niveau des fiches de donn\u00e9es de s\u00e9curit\u00e9 (FDS) publi\u00e9s par les firmes, et il n\u2019existe pas (\u00e0 notre connaissance) un comparatif entre ces produits \u00e9quivalent au Quebec Risk Indicator. <\/p>\n\n\n\n<figure class=\"wp-block-image is-resized\"><img loading=\"lazy\" decoding=\"async\" width=\"606\" height=\"330\" src=\"http:\/\/www.listephoenix.com\/wp-content\/uploads\/2015\/03\/Insecticides-classification.jpg\" alt=\"rhynchophorus ferrugineus\" class=\"wp-image-8699\" style=\"width:645px;height:auto\" srcset=\"http:\/\/www.listephoenix.com\/wp-content\/uploads\/2015\/03\/Insecticides-classification.jpg 606w, http:\/\/www.listephoenix.com\/wp-content\/uploads\/2015\/03\/Insecticides-classification-150x82.jpg 150w, http:\/\/www.listephoenix.com\/wp-content\/uploads\/2015\/03\/Insecticides-classification-300x163.jpg 300w\" sizes=\"auto, (max-width: 606px) 100vw, 606px\" \/><\/figure>\n\n\n\n<p>Illustration&nbsp;: liste indicative des principales formulations existantes (Source: Victoria Soroker \u2013 Palm Protect).<\/p>\n\n\n\n<p>L\u2019impact des pesticides sur l\u2019environnement et la sant\u00e9 est par contre un probl\u00e8me majeur en ce qui concerne les palmeraies de production fruiti\u00e8re (relativement \u00e0 la pr\u00e9sence de r\u00e9sidus de pesticides dans les dattes) ainsi que dans les palmeraies ornementales en milieu urbain. En ce qui concerne les palmeraies ornementales en Europe, l\u2019emploi de pesticides en aspersion est d\u00e9sormais interdit. La lutte chimique pose par ailleurs le probl\u00e8me de la possible apparition de r\u00e9sistances aux insecticides chez les populations de ravageurs. A ce niveau, on peut envisager d\u2019alterner les substances employ\u00e9es, qui appartiennent \u00e0 5 grandes familles. Des probl\u00e8mes de phyto-toxicit\u00e9 pourraient aussi appara\u00eetre chez les palmiers trait\u00e9s, notamment en cas de non-respect des doses utilis\u00e9es.<\/p>\n\n\n\n<figure class=\"wp-block-embed is-type-video is-provider-youtube wp-block-embed-youtube wp-embed-aspect-4-3 wp-has-aspect-ratio\"><div class=\"wp-block-embed__wrapper\">\n<iframe loading=\"lazy\" title=\"Charan\u00e7ons-France 3\" width=\"500\" height=\"375\" src=\"https:\/\/www.youtube.com\/embed\/80fV6SsNW-M?feature=oembed\" frameborder=\"0\" allow=\"accelerometer; autoplay; clipboard-write; encrypted-media; gyroscope; picture-in-picture; web-share\" referrerpolicy=\"strict-origin-when-cross-origin\" allowfullscreen><\/iframe>\n<\/div><figcaption class=\"wp-element-caption\">Video FR 3 : pr\u00e9sentation de la technique d&rsquo;assainissement m\u00e9canique dans la r\u00e9gion PACA par Michel Ferry (Station INRA d\u2019Elche)<\/figcaption><\/figure>\n\n\n\n<p><strong>2. L\u2019assainissement m\u00e9canique<\/strong>. Cette m\u00e9thode de cure des palmiers infest\u00e9s permet l\u2019\u00e9radication du foyer d\u2019infestation tout en offrant une chance de survie \u00e0 l\u2019arbre. Il s\u2019agit d\u2019une taille s\u00e9v\u00e8re, qui conduit g\u00e9n\u00e9ralement \u00e0 l\u2019ablation de l\u2019ensemble de la couronne foliaire. Ce genre de taille fait toutefois partie des techniques traditionnelles de culture de&nbsp;<em>Phoenix canariensis&nbsp;<\/em>pratiqu\u00e9es dans son habitat naturel, les \u00eeles Canaries, afin de pouvoir exploiter la s\u00e8ve de l\u2019arbre, laquelle est ensuite transform\u00e9e en miel. En ce qui concerne les palmeraies de dattiers, des pratiques similaires sont connues dans les oasis pour la production de vin de palme. Il est \u00e9tabli que ces pratiques s\u00e9culaires n\u2019affectent pas la survie de l\u2019arbre.&nbsp;L\u2019assainissement m\u00e9canique rencontre cependant d\u2019autres \u00e9cueils, dont son co\u00fbt \u00e9lev\u00e9 difficilement supportable pour les petits propri\u00e9taires et le fait que chez&nbsp;<em>Phoenix dactylifera<\/em>&nbsp;l\u2019infestation se fait souvent \u00e0 la base du stipe. Lorsque l\u2019infestation a atteint un stade trop g\u00e9n\u00e9ralis\u00e9, l\u2019assainissement rencontre par ailleurs ses limites, en l\u2019occurrence une forte probabilit\u00e9 de r\u00e9-infestation et d\u2019attaques fongiques. Il est n\u00e9cessaire pour ces raisons de proc\u00e9der ensuite \u00e0 un double traitement, insecticide et antifongique. Cette technique s&rsquo;est r\u00e9v\u00e9l\u00e9e globalement peu efficace sur la dur\u00e9e.<\/p>\n\n\n\n<figure class=\"wp-block-embed is-type-video is-provider-youtube wp-block-embed-youtube wp-embed-aspect-16-9 wp-has-aspect-ratio\"><div class=\"wp-block-embed__wrapper\">\n<iframe loading=\"lazy\" title=\"Traitement pr\u00e9ventif des palmiers par endotherapie dans le Var et les Alpes Maritimes\" width=\"500\" height=\"281\" src=\"https:\/\/www.youtube.com\/embed\/KOgmQSpGo-Y?feature=oembed\" frameborder=\"0\" allow=\"accelerometer; autoplay; clipboard-write; encrypted-media; gyroscope; picture-in-picture; web-share\" referrerpolicy=\"strict-origin-when-cross-origin\" allowfullscreen><\/iframe>\n<\/div><figcaption class=\"wp-element-caption\">Pr\u00e9sentation par Fr\u00e9d\u00e9ric Ferrero de la strat\u00e9gie de lutte chimique \u00e0 l&rsquo;\u00e9chelle du territoire de la Communuat\u00e9 d&rsquo;agglom\u00e9ration CAVEM (2017)<\/figcaption><\/figure>\n\n\n\n<p><strong>3.&nbsp;L\u2019assainissement chimique<\/strong>. Les avanc\u00e9es de la recherche en mati\u00e8re de lutte chimique ont offert de nouvelles perspectives pour les palmeraies ornementales, avec l\u2019injection d\u2019insecticides dont la permanence est longue (plusieurs mois). Ces insecticides chimiques sont ainsi inject\u00e9s dans le stipe du palmier, afin qu\u2019ils soient v\u00e9hicul\u00e9s par la s\u00e8ve en direction du sommet de la plante. Ce proc\u00e9d\u00e9 a de plus un faible impact sur l\u2019environnement (l\u2019insecticide restant confin\u00e9 dans le stipe). Il est particuli\u00e8rement int\u00e9ressant au niveau d\u2019une palmeraie r\u00e9cemment infest\u00e9e, car il permet, outre de pr\u00e9venir de nouvelles infestations, d\u2019assainir les palmiers en atteignant directement les larves. Du fait des blessures qu\u2019elle cause, l\u2019injection est toutefois limit\u00e9e dans le temps. L\u2019id\u00e9al serait de ne la pratiquer qu\u2019une ou deux fois et de la compl\u00e9ter ensuite par des traitements d\u2019insecticides par aspersion, et surtout par l\u2019adoption d\u2019une Strat\u00e9gie de Lutte Int\u00e9gr\u00e9e (IPM).<\/p>\n\n\n\n<p><strong>En savoir plus<\/strong>:<strong> les solutions Syngenta contre les ravageurs des palmiers<\/strong>. Les principaux pesticides qui ont \u00e9t\u00e9 \u00e9valu\u00e9s et autoris\u00e9s pour cet usage (en Europe et au Maghreb) sont actuellement ceux propos\u00e9s par la firme Syngenta. D\u2019autres substances sont toutefois utilis\u00e9es dans divers pays, et il manque une \u00e9tude comparative de leurs r\u00e9sultats. Les trois principales substances mises sur le march\u00e9 par Syngenta rel\u00e8vent de protocoles qui diff\u00e8rent en fonction des pays concern\u00e9s, avec des tarifs eux aussi tr\u00e8s diversifi\u00e9s. Leur efficacit\u00e9 fait encore l&rsquo;objet de pol\u00e9miques.<\/p>\n\n\n\n<figure class=\"wp-block-image\"><img loading=\"lazy\" decoding=\"async\" width=\"150\" height=\"40\" src=\"http:\/\/www.listephoenix.com\/wp-content\/uploads\/2014\/05\/Logo-Actara-150x40.jpg\" alt=\"Logo Actara\" class=\"wp-image-6748\" srcset=\"http:\/\/www.listephoenix.com\/wp-content\/uploads\/2014\/05\/Logo-Actara-150x40.jpg 150w, http:\/\/www.listephoenix.com\/wp-content\/uploads\/2014\/05\/Logo-Actara-300x80.jpg 300w, http:\/\/www.listephoenix.com\/wp-content\/uploads\/2014\/05\/Logo-Actara.jpg 821w\" sizes=\"auto, (max-width: 150px) 100vw, 150px\" \/><\/figure>\n\n\n\n<p><strong>THIAMETHOXAM.<\/strong>&nbsp;Cet insecticide multicultures est destin\u00e9 au traitement des parties a\u00e9riennes dans la lutte contre les insectes piqueurs suceurs des pommiers, de la pomme de terre, des cultures l\u00e9gumi\u00e8res, du tabac et des PPAMC non alimentaires. Il est aussi destin\u00e9 \u00e0 la lutte contre le doryphore sur aubergine, pommes de terre et tomate. ACTARA est un produit largement commercialis\u00e9 en Italie, o\u00f9 l&rsquo;injection est par ailleurs une technique courante. Sa substance active (<em>thiamethoxam<\/em>) poss\u00e8de une r\u00e9manence de plusieurs mois et se diffuse dans le palmier. L&rsquo;injection se fait au moyen de 2 \u00e0 4 trous (de 20 \u00e0 30 centim\u00e8tres de profondeur) pratiqu\u00e9s \u00e0 hauteur d&rsquo;homme avec une inclinaison vers le bas de 45\u00b0. Un injecteur (une simple seringue dite de gavage) est enfonc\u00e9 dans le trou au moyen d&rsquo;un marteau ou d\u2019un maillet, puis rempli d&rsquo;une solution de 2,5g de produit dilu\u00e9s dans 10 cl d&rsquo;eau. Cette technique d\u2019injection est d\u2019un co\u00fbt r\u00e9duit (quelques euros par palmier).<\/p>\n\n\n\n<figure class=\"wp-block-image\"><img loading=\"lazy\" decoding=\"async\" width=\"150\" height=\"56\" src=\"http:\/\/www.listephoenix.com\/wp-content\/uploads\/2015\/03\/VERTIMEC-150x56.jpg\" alt=\"\" class=\"wp-image-9725\" title=\"\" srcset=\"http:\/\/www.listephoenix.com\/wp-content\/uploads\/2015\/03\/VERTIMEC-150x56.jpg 150w, http:\/\/www.listephoenix.com\/wp-content\/uploads\/2015\/03\/VERTIMEC-300x113.jpg 300w, http:\/\/www.listephoenix.com\/wp-content\/uploads\/2015\/03\/VERTIMEC.jpg 547w\" sizes=\"auto, (max-width: 150px) 100vw, 150px\" \/><\/figure>\n\n\n\n<p><strong>ABAMECTIN<\/strong>. Cet insecticide est largement employ\u00e9 pour la lutte contre les acariens de la courgette, des pommiers, poiriers, fraisier, rosier ou encore contre la mineuse des agrumes et de la tomate. La substance active du Vertimec est l\u2019<em>Abamectin <\/em>(ou <em>Avermectin<\/em>), inject\u00e9e en dillution (50-100 mL\/hL d\u2019eau) pendant la saison de vol des charan\u00e7ons.&nbsp; Elle est diffus\u00e9e en Italie depuis 2013 par la Soci\u00e9t\u00e9 GEA qui pr\u00e9conise le syst\u00e8me espagnol SOSPALM. Il s\u2019agit de l\u2019installation de canules introduites \u00e0 demeure dans le stipe. Le traitement est mensuel, en alternance avec le Kohinor Plus (Makhteshim Agan &#8211; Italia), un m\u00e9lange \u00e0 base de ciflutrin et d\u2019imidaclopride, ainsi que des aspersions \u00e0 la fin du printemps et au d\u00e9but de l\u2019automne. <strong>Lien vers la pr\u00e9sentation de la soci\u00e9t\u00e9 GEA<\/strong>&nbsp;:&nbsp;<a href=\"http:\/\/www.cersaa.it\/communication\/verde\/GEA%20SOSPALM.pdf\" target=\"_blank\" rel=\"noreferrer noopener\">cersaa.it<\/a>&nbsp;<\/p>\n\n\n\n<figure class=\"wp-block-image\"><img loading=\"lazy\" decoding=\"async\" width=\"150\" height=\"63\" src=\"http:\/\/www.listephoenix.com\/wp-content\/uploads\/2017\/12\/Logo-REVIVE-150x63.jpg\" alt=\"\" class=\"wp-image-9923\" title=\"\" srcset=\"http:\/\/www.listephoenix.com\/wp-content\/uploads\/2017\/12\/Logo-REVIVE-150x63.jpg 150w, http:\/\/www.listephoenix.com\/wp-content\/uploads\/2017\/12\/Logo-REVIVE-300x125.jpg 300w, http:\/\/www.listephoenix.com\/wp-content\/uploads\/2017\/12\/Logo-REVIVE.jpg 456w\" sizes=\"auto, (max-width: 150px) 100vw, 150px\" \/><\/figure>\n\n\n\n<p><strong>EMAMECTINE<\/strong>. L\u2019injection de pesticides a \u00e9t\u00e9 autoris\u00e9e en France en janvier 2014, avec la mise sur le march\u00e9 du REVIVE. Il s\u2019agit d\u2019une substance dont la r\u00e9manence est elle aussi de plusieurs mois, l\u2019<em>Emamectine benzoate<\/em>. L\u2019injection se fait au moyen de 2 \u00e0 4 trous, de 15 \u00e0 30 centim\u00e8tres de profondeur (mais ne repr\u00e9sentant pas plus d\u2019un tiers du diam\u00e8tre du stipe) pratiqu\u00e9s g\u00e9n\u00e9ralement \u00e0 hauteur d\u2019homme (mais jamais \u00e0 moins de 50 cm de la base de la couronne). 50 ml de ce produit sont r\u00e9partis entre les diff\u00e9rents trous. Au niveau de nos retours d\u2019exp\u00e9riences, cette technique de lutte rencontre une r\u00e9manence limit\u00e9e \u00e0 5 ou 6 mois. Elle est actuellement exp\u00e9riment\u00e9e \u00e0 l\u2019\u00e9chelle d\u2019un territoire par la Cavem (dans le cadre du Projet Arecap), avec \u00e0 ce jour de bons r\u00e9sultats.<\/p>\n\n\n\n<p><strong>En savoir plus<\/strong><\/p>\n\n\n\n<p><strong>Rapport de l\u2019Anses sur l\u2019exp\u00e9rimentation de la CAVEM en cours en R\u00e9gion PACA:&nbsp;&nbsp;<\/strong><a href=\"https:\/\/www.anses.fr\/fr\/system\/files\/SANTVEG2017SA0035Ra.pdf\" target=\"_blank\" rel=\"noreferrer noopener\">Cavem 2017<\/a><\/p>\n\n\n\n<p><strong>THOMAS R. 2013. L\u2019anatomie des palmiers et les techniques d\u2019endoth\u00e9rapie. Quelles cons\u00e9quences physiologiques?<\/strong>&nbsp;In: AFPP, Colloque m\u00e9diterran\u00e9en sur les ravageurs des palmiers, Nice \u201316, 17 et 18 janvier 2013.&nbsp;<strong><a href=\"https:\/\/bo.valhor.fr\/wp-content\/uploads\/2022\/06\/colloque_ravageurs_palmiers_janv2013_strategielutte2_thomas_romain.pdf\" target=\"_blank\" rel=\"noreferrer noopener\">Lien<\/a><\/strong><\/p>\n\n\n\n<p><strong>Une alternative \u00e0 la perforation : l\u2019effet Venturi<\/strong>. Cette technique d\u2019injection est d\u00e9velopp\u00e9e depuis 2013 par l\u2019Universit\u00e9 de Padoue (Italie). L\u2019injecteur est introduit par percussion entre les fibres. <strong>Lien<\/strong> vers la pr\u00e9sentation scientifique:&nbsp;<a href=\"http:\/\/www.ncbi.nlm.nih.gov\/pmc\/articles\/PMC3938323\/\" target=\"_blank\" rel=\"noreferrer noopener\">www.ncbi.nlm.nih.gov<\/a><\/p>\n\n\n\n<p><strong>Retour au sommaire&nbsp;:&nbsp;<\/strong><a href=\"http:\/\/www.listephoenix.com\/?page_id=7469\">menaces<\/a><\/p>\n\n\n\n<p><\/p>\n","protected":false},"excerpt":{"rendered":"<p>CRP 2015-2024. Historique de la lutte int\u00e9gr\u00e9e (integrated pest management = IPM) contre les ravageurs des palmiers rhynchophorus ferrugineus &amp; paysandisia archon (french &amp; italian&#8230;<\/p>\n<div class=\"more-link-wrapper\"><a class=\"more-link\" href=\"http:\/\/www.listephoenix.com\/?page_id=11894\">Continue reading<span class=\"screen-reader-text\">5.Lutte chimique<\/span><\/a><\/div>\n","protected":false},"author":2,"featured_media":0,"parent":7469,"menu_order":7,"comment_status":"closed","ping_status":"closed","template":"","meta":{"footnotes":""},"class_list":["post-11894","page","type-page","status-publish","hentry","entry"],"_links":{"self":[{"href":"http:\/\/www.listephoenix.com\/index.php?rest_route=\/wp\/v2\/pages\/11894","targetHints":{"allow":["GET"]}}],"collection":[{"href":"http:\/\/www.listephoenix.com\/index.php?rest_route=\/wp\/v2\/pages"}],"about":[{"href":"http:\/\/www.listephoenix.com\/index.php?rest_route=\/wp\/v2\/types\/page"}],"author":[{"embeddable":true,"href":"http:\/\/www.listephoenix.com\/index.php?rest_route=\/wp\/v2\/users\/2"}],"replies":[{"embeddable":true,"href":"http:\/\/www.listephoenix.com\/index.php?rest_route=%2Fwp%2Fv2%2Fcomments&post=11894"}],"version-history":[{"count":25,"href":"http:\/\/www.listephoenix.com\/index.php?rest_route=\/wp\/v2\/pages\/11894\/revisions"}],"predecessor-version":[{"id":13253,"href":"http:\/\/www.listephoenix.com\/index.php?rest_route=\/wp\/v2\/pages\/11894\/revisions\/13253"}],"up":[{"embeddable":true,"href":"http:\/\/www.listephoenix.com\/index.php?rest_route=\/wp\/v2\/pages\/7469"}],"wp:attachment":[{"href":"http:\/\/www.listephoenix.com\/index.php?rest_route=%2Fwp%2Fv2%2Fmedia&parent=11894"}],"curies":[{"name":"wp","href":"https:\/\/api.w.org\/{rel}","templated":true}]}}