{"id":2271,"date":"2012-01-03T15:50:10","date_gmt":"2012-01-03T14:50:10","guid":{"rendered":"http:\/\/www.art.listephoenix.com\/?page_id=73"},"modified":"2025-04-06T11:49:01","modified_gmt":"2025-04-06T10:49:01","slug":"biology","status":"publish","type":"page","link":"http:\/\/www.listephoenix.com\/?page_id=2271","title":{"rendered":"III. BOTANIQUE"},"content":{"rendered":"\n<p><strong>Citer cette publication:&nbsp;CRP 2012. Description et caract\u00e9risation des palmiers du genre Phoenix.&nbsp;<\/strong>R\u00e9dacteur Robert CASTELLANA.&nbsp;Statut: compte-rendu de recherches. Edition en ligne.&nbsp;<strong> <a href=\"http:\/\/www.listephoenix.com\/?page_id=2271\">Lien<\/a><\/strong><\/p>\n\n\n\n<figure class=\"wp-block-image size-full\"><img loading=\"lazy\" decoding=\"async\" width=\"229\" height=\"525\" src=\"http:\/\/www.listephoenix.com\/wp-content\/uploads\/2011\/03\/Webgentrop-Logodna.gif\" alt=\"\" class=\"wp-image-1210\"\/><\/figure>\n\n\n\n<p><strong>Abstract. <\/strong>Les recherches interdisciplinaires pr\u00e9sent\u00e9es dans cette publication ont \u00e9t\u00e9 conduites avec des laboratoires qui travaillent en vue de la production de donn\u00e9es g\u00e9n\u00e9tiques et mol\u00e9culaires, et \u00e0 la mise en place de programmes d\u2019am\u00e9lioration g\u00e9n\u00e9tique. Les collaborations engag\u00e9es dans ce cadre se proposent de f\u00e9d\u00e9rer des initiatives similaires consacr\u00e9es aux palmiers, autour de la diffusion de donn\u00e9es d&rsquo;int\u00e9r\u00eat g\u00e9n\u00e9ral, de l\u2019harmonisation des proc\u00e9dures, de la comparaison des r\u00e9sultats et de la construction de synergies entre les instituts de recherche.<\/p>\n\n\n\n<p><strong>SOMMAIRE DES ARTICLES<\/strong>. Les recherches dont rendent compte les pages de cette publication sont plus particuli\u00e8rement orient\u00e9es vers la caract\u00e9risation g\u00e9n\u00e9tique du genre Phoenix, et notamment du palmier-dattier (Phoenix dactylifera), dans les r\u00e9gions traditionnelles de phoeniciculture (Maghreb, Sahel et Moyen-Orient), ainsi que dans les r\u00e9gions d\u2019introduction plus tardive (Italie, P\u00e9rou, Californie, Australie et Asie orientale). Les articles suivants sont consacr\u00e9s \u00e0 ce sujet :<\/p>\n\n\n\n<p><strong>1. DISTRIBUTION<\/strong>. <strong>Biog\u00e9ographie historique des palmiers subtropicaux.<\/strong>&nbsp;La biog\u00e9ographie historique des palmiers subtropicaux de l\u2019Ancien Monde n\u00e9cessite de comprendre des \u00e9v\u00e9nements anciens datant de la p\u00e9riode Tertiaire et m\u00eame de la fin du Cr\u00e9tac\u00e9. En ce qui concerne le genre Phoenix, elle est d\u2019autant plus complexe que les diff\u00e9rentes esp\u00e8ces sont capables de s\u2019hybrider entre elles.<\/p>\n\n\n\n<p><strong>2. MORPHOMETRIE<\/strong>. <strong>Description morphologique des vari\u00e9t\u00e9s et architecture des plantes. <\/strong>La description des plantes est une discipline fondamentale en mati\u00e8re de botanique. Elle a en effet permis de caract\u00e9riser les v\u00e9g\u00e9taux, et surtout de les classer en familles, genres et esp\u00e8ces. Loin de remettre en cause son utilit\u00e9, les d\u00e9veloppements r\u00e9cents de la g\u00e9n\u00e9tique ont plut\u00f4t confirm\u00e9 sa pertinence. La description des palmiers pose toutefois des probl\u00e8mes particuli\u00e8rement d\u00e9licats, au vu du grand nombre d\u2019esp\u00e8ces recens\u00e9es (environ 2500 esp\u00e8ces r\u00e9parties en pr\u00e8s de 200 genres). C\u2019est dans les ann\u00e9es 1980 qu\u2019ont vu le jour les premi\u00e8res tentatives de mod\u00e9lisation informatique. Ces recherches portaient sur l\u2019architecture des plantes dans leur ensemble. En ce qui concerne les palmiers, elles ont \u00e9t\u00e9 appliqu\u00e9es \u00e0 la description du palmier \u00e0 huile. Outre son int\u00e9r\u00eat scientifique, en mati\u00e8re de rigueur dans la description, la mod\u00e9lisation pr\u00e9sente un r\u00e9el int\u00e9r\u00eat \u00e9conomique dans les pays de production, du fait qu\u2019elle s\u2019applique aussi \u00e0 la mod\u00e9lisation du paysage dans son ensemble. Ces recherches s&rsquo;\u00e9tendent d\u00e9sormais aux palmiers dans leur ensemble dans le cadre du projet PHOENIX-MOCAF auquel nous avons particip\u00e9.<\/p>\n\n\n\n<p><strong>3. PH\u00c9NOLOGIE<\/strong>. <strong>Description du cycle reproducteur des palmiers.<\/strong>\u00a0Le palmier-dattier, Phoenix dactylifera, pr\u00e9sente une diversit\u00e9 g\u00e9n\u00e9tique exceptionnelle qui se traduit par l\u2019existence d\u2019une grande variation dans le ph\u00e9notype au niveau ph\u00e9nologique (\u00e9talement de la floraison, fruits persistants ou non, etc.). Cette diversit\u00e9 a conduit \u00e0 mettre en place des recherches comparatives visant \u00e0 la description de son cycle reproducteur, dans le cadre d\u2019un partenariat d\u00e9velopp\u00e9 par l\u2019IRD sur l\u2019ensemble de sa zone de distribution, partenariat que nous avons initi\u00e9 et coordonn\u00e9.<\/p>\n\n\n\n<p><strong>4. G\u00c9N\u00c9TIQUE<\/strong>. <strong>Caract\u00e9risation g\u00e9n\u00e9tique du genre Phoenix.<\/strong>\u00a0De par son anciennet\u00e9, et son importance dans les grands \u00e9cosyst\u00e8mes primaires, le palmier pr\u00e9sente une forte valeur \u00e9cologique. Il en va de m\u00eame d\u2019un point de vue \u00e9conomique et social. Le palmier est en effet le pilier de l\u2019agriculture dans de nombreux pays, dont certains font partie des plus pauvres de la plan\u00e8te. Les recherches men\u00e9es par l\u2019IRD (Institut de Recherche pour le D\u00e9veloppement, Montpellier, France), ont conduit \u00e0 l\u2019\u00e9laboration d\u2019une base de donn\u00e9es intitul\u00e9 Phoenix DB qui propose une solution int\u00e9gr\u00e9e pour le g\u00e9notypage du palmier dattier<\/p>\n\n\n\n<p><strong>EN SAVOIR PLUS<\/strong><\/p>\n\n\n\n<p>Ces travaux ont \u00e9t\u00e9 impuls\u00e9s par le Projet Phoenix, un programme informel de recherches issu d&rsquo;une collaboration franco-italienne initi\u00e9e par l&rsquo;IRD (Montpellier-France), sous la direction de Jean Christophe Pintaud. L&rsquo;historique de ces collaborations est consultable dans l&rsquo;archive de notre news-letter. Le projet Phoenix allait assurer par la suite la gestion d&rsquo;un Jardin Exp\u00e9rimental situ\u00e9 \u00e0 Bordighera, en Italie. Il s&rsquo;agit d&rsquo;un jardin historique de palmiers dattiers, un jardin pilote pour des exp\u00e9rimentations relatives aux agrosyst\u00e8mes oasiens. <\/p>\n","protected":false},"excerpt":{"rendered":"<p>Citer cette publication:&nbsp;CRP 2012. Description et caract\u00e9risation des palmiers du genre Phoenix.&nbsp;R\u00e9dacteur Robert CASTELLANA.&nbsp;Statut: compte-rendu de recherches. Edition en ligne.&nbsp; Lien Abstract. Les recherches interdisciplinaires&#8230;<\/p>\n<div class=\"more-link-wrapper\"><a class=\"more-link\" href=\"http:\/\/www.listephoenix.com\/?page_id=2271\">Continue reading<span class=\"screen-reader-text\">III. BOTANIQUE<\/span><\/a><\/div>\n","protected":false},"author":2,"featured_media":0,"parent":0,"menu_order":3,"comment_status":"closed","ping_status":"closed","template":"","meta":{"footnotes":""},"class_list":["post-2271","page","type-page","status-publish","hentry","entry"],"_links":{"self":[{"href":"http:\/\/www.listephoenix.com\/index.php?rest_route=\/wp\/v2\/pages\/2271","targetHints":{"allow":["GET"]}}],"collection":[{"href":"http:\/\/www.listephoenix.com\/index.php?rest_route=\/wp\/v2\/pages"}],"about":[{"href":"http:\/\/www.listephoenix.com\/index.php?rest_route=\/wp\/v2\/types\/page"}],"author":[{"embeddable":true,"href":"http:\/\/www.listephoenix.com\/index.php?rest_route=\/wp\/v2\/users\/2"}],"replies":[{"embeddable":true,"href":"http:\/\/www.listephoenix.com\/index.php?rest_route=%2Fwp%2Fv2%2Fcomments&post=2271"}],"version-history":[{"count":112,"href":"http:\/\/www.listephoenix.com\/index.php?rest_route=\/wp\/v2\/pages\/2271\/revisions"}],"predecessor-version":[{"id":13138,"href":"http:\/\/www.listephoenix.com\/index.php?rest_route=\/wp\/v2\/pages\/2271\/revisions\/13138"}],"wp:attachment":[{"href":"http:\/\/www.listephoenix.com\/index.php?rest_route=%2Fwp%2Fv2%2Fmedia&parent=2271"}],"curies":[{"name":"wp","href":"https:\/\/api.w.org\/{rel}","templated":true}]}}