{"id":2303,"date":"2012-01-14T12:59:58","date_gmt":"2012-01-14T10:59:58","guid":{"rendered":"http:\/\/www.art.listephoenix.com\/?page_id=714"},"modified":"2025-04-03T11:27:19","modified_gmt":"2025-04-03T10:27:19","slug":"sanremo","status":"publish","type":"page","link":"http:\/\/www.listephoenix.com\/?page_id=2303","title":{"rendered":"Sanremo-Bordighera"},"content":{"rendered":"\n<p><strong>Citer cet article&nbsp;: CRP 2012. Description et caract\u00e9risation des palmiers du genre Phoenix: description du cycle reproducteur des palmiers.&nbsp;<\/strong>R\u00e9dacteur Robert CASTELLANA.&nbsp;Statut: compte-rendu de recherches. Edition en ligne.&nbsp;&nbsp;<strong><a href=\"http:\/\/www.listephoenix.com\/?page_id=2273\">Lien<\/a><\/strong><\/p>\n\n\n<div>\n<div style=\"text-align: justify;\"><span style=\"font-size: 11px;\"><span style=\"font-family: tahoma,geneva,sans-serif;\"><strong><a href=\"http:\/\/www.listephoenix.com\/?page_id=2273\">HOME <\/a>\/ <a href=\"http:\/\/www.listephoenix.com\/?page_id=2304\">DJIBOUTI<\/a> \/ <a href=\"http:\/\/www.listephoenix.com\/?page_id=2306\">GABES\u00a0<\/a> \/ <a href=\"http:\/\/www.listephoenix.com\/?page_id=2305\">TOZEUR\u00a0<\/a> \/ <a href=\"http:\/\/www.listephoenix.com\/?page_id=2303\">SANREMO-BORDIGHERA<\/a> \/ <a href=\"http:\/\/www.listephoenix.com\/?page_id=4923\">SOUTH-AMERICA<\/a><\/strong><\/span><\/span><\/div>\n<div>\u00a0<\/div>\n<div style=\"text-align: justify;\"><img loading=\"lazy\" decoding=\"async\" class=\"alignleft size-full wp-image-7867\" src=\"http:\/\/www.listephoenix.com\/wp-content\/uploads\/2012\/01\/Pheno-Sanremo.jpg\" alt=\"Pheno-Sanremo\" width=\"267\" height=\"768\" srcset=\"http:\/\/www.listephoenix.com\/wp-content\/uploads\/2012\/01\/Pheno-Sanremo.jpg 267w, http:\/\/www.listephoenix.com\/wp-content\/uploads\/2012\/01\/Pheno-Sanremo-52x150.jpg 52w, http:\/\/www.listephoenix.com\/wp-content\/uploads\/2012\/01\/Pheno-Sanremo-104x300.jpg 104w\" sizes=\"auto, (max-width: 267px) 100vw, 267px\" \/><img loading=\"lazy\" decoding=\"async\" class=\"alignleft size-medium wp-image-7868\" title=\"\" src=\"http:\/\/www.listephoenix.com\/wp-content\/uploads\/2012\/01\/Pheno-Sanremo-ensoleillement-300x216.jpg\" alt=\"Pheno-Sanremo-ensoleillement\" width=\"270\" height=\"194\" srcset=\"http:\/\/www.listephoenix.com\/wp-content\/uploads\/2012\/01\/Pheno-Sanremo-ensoleillement-300x216.jpg 300w, http:\/\/www.listephoenix.com\/wp-content\/uploads\/2012\/01\/Pheno-Sanremo-ensoleillement-150x108.jpg 150w, http:\/\/www.listephoenix.com\/wp-content\/uploads\/2012\/01\/Pheno-Sanremo-ensoleillement.jpg 666w\" sizes=\"auto, (max-width: 270px) 100vw, 270px\" \/><\/div>\n<div style=\"text-align: justify;\">\u00a0<\/div>\n<div style=\"text-align: justify;\">\u00a0<\/div>\n<div style=\"text-align: justify;\">\u00a0<\/div>\n<div style=\"text-align: justify;\">\u00a0<\/div>\n<div style=\"text-align: justify;\">\u00a0<\/div>\n<div style=\"text-align: justify;\">\u00a0<\/div>\n<div style=\"text-align: justify;\">\u00a0<\/div>\n<div style=\"text-align: justify;\">\u00a0<\/div>\n<div style=\"text-align: justify;\">\u00a0<\/div>\n<div style=\"text-align: justify;\"><span style=\"color: #008000;\"><span style=\"font-size: 12px;\"><span style=\"font-family: tahoma,geneva,sans-serif;\"><b>Le palmier-dattier, Phoenix dactylifera, pr\u00e9sente une diversit\u00e9 g\u00e9n\u00e9tique exceptionnelle qui se traduit par l\u2019existence d\u2019une grande variation dans le ph\u00e9notype au niveau ph\u00e9nologique (\u00e9talement de la floraison, fruits persistants ou non, etc.). Cette diversit\u00e9 nous a conduit \u00e0 mettre en place des recherches comparatives visant \u00e0 la description de son cycle reproducteur. L&rsquo;un des enjeux de ces recherches concerne le r\u00e9chauffement du climat et son impact \u00e9conomique pour les r\u00e9gions de production datti\u00e8re. Il s&rsquo;agit aussi de savoir si le palmier dattier pourrait \u00eatre un indicateur fiable de ces m\u00eames changements. <\/b><\/span><\/span><\/span><\/div>\n<\/div>\n<div style=\"text-align: justify;\">\u00a0<\/div>\n<div style=\"text-align: justify;\">\n<div style=\"text-align: justify;\"><strong><span style=\"font-size: 12px;\"><span style=\"font-family: tahoma,geneva,sans-serif;\">Climat. <\/span><\/span><\/strong><span style=\"font-size: 12px;\"><span style=\"font-family: tahoma,geneva,sans-serif;\">Malgr\u00e9 sa localisation septentrionale (<\/span><\/span><span style=\"font-size: 12px;\"><span style=\"font-family: tahoma,geneva,sans-serif;\">Latitude: 43\u00b0 49&prime; Nord &#8211; Longitude: 7\u00b0 46&prime; Est)<\/span><\/span><span style=\"font-size: 12px;\"><span style=\"font-family: tahoma,geneva,sans-serif;\">, le climat de la r\u00e9gion correspond aux normes moyennes du climat m\u00e9diterran\u00e9en. Les hivers sont doux et humides, les gels \u00e9tant rares (quelques nuits par an) et faibles (le minimum annuel se situe aux alentours de -1 ou -2\u00a0 C), car la ville est prot\u00e9g\u00e9e des vents froids par les montagnes qui l&rsquo;entourent. Les \u00e9t\u00e9s sont chauds et tr\u00e8s secs, avec des pr\u00e9cipitations extr\u00eamement faibles notamment en juillet. L&rsquo;automne est par contre une p\u00e9riode soumise \u00e0 des pluies fr\u00e9quentes et abondantes, ainsi que le printemps dans une moindre mesure. Ces saisons sont \u00e9galement marqu\u00e9es par la pr\u00e9sence du sirocco, qui en plus d&rsquo;une l\u00e9g\u00e8re vague de chaleur, transporte du sable saharien.<\/span><\/span><\/div>\n<div style=\"text-align: justify;\">\u00a0<\/div>\n<\/div>\n<div style=\"text-align: justify;\"><strong><span style=\"font-size: 12px;\"><span style=\"font-family: tahoma,geneva,sans-serif;\">Protocole. <\/span><\/span><\/strong><span style=\"font-size: 12px;\"><span style=\"font-family: tahoma,geneva,sans-serif;\">L&rsquo;\u00e9tude conduite\u00a0en 2008 &#8211; 2009, en collaboration avec le CSRP (Italie), l\u2019IRD et le CRP (France) a port\u00e9 sur 200 palmiers, qui ont fait l\u2019objet d\u2019un \u00e9tiquetage, d\u2019une cartographie, d\u2019une documentation photographique, d\u2019un suivi ph\u00e9nologique et d\u2019une caract\u00e9risation morpho-g\u00e9n\u00e9tique. En ce qui concerne l&rsquo;\u00e9chantillonnage, voici les crit\u00e8res retenus:<\/span><\/span><\/div>\n<div style=\"text-align: justify;\">\n<div><span style=\"font-size: 12px;\"><span style=\"font-family: tahoma,geneva,sans-serif;\"><span style=\"color: #000000;\"><span style=\"color: black;\">* la <strong>r\u00e9partition sur 2 zones<\/strong> : <\/span><\/span><\/span><\/span><\/div>\n<div><span style=\"font-size: 12px;\"><span style=\"font-family: tahoma,geneva,sans-serif;\"><span style=\"color: #000000;\"><span style=\"color: black;\">&#8211; la 1\u00e8re est localis\u00e9e \u00e0 San Remo, sur le front de mer de l\u2019ancienne colonie touristique, avec plus d\u2019une centaine de palmiers. <\/span><\/span><\/span><\/span><\/div>\n<div><span style=\"font-size: 12px;\"><span style=\"font-family: tahoma,geneva,sans-serif;\"><span style=\"color: #000000;\"><span style=\"color: black;\">&#8211; la 2nde se trouve \u00e0 Bordighera, l\u00e0 encore dans la zone historique de la vill\u00e9giature mais \u00e0 distance du bord de mer. <\/span><\/span><\/span><\/span><\/div>\n<div><span style=\"font-size: 12px;\"><span style=\"font-family: tahoma,geneva,sans-serif;\">Ce choix a montr\u00e9 des micro-diff\u00e9rences significatives.<br \/>* la <strong>taille retenue =<\/strong>\u00a0<strong>200 arbres<\/strong>. Elle a permis la mise en \u00e9vidence des particularit\u00e9s les plus rares, comme les floraisons hors-saisons, pr\u00e9coces ou anormales.<\/span><\/span><\/div>\n<div><span style=\"font-size: 12px;\"><span style=\"font-family: tahoma,geneva,sans-serif;\">* le <strong>sex-ratio\u00a0<\/strong><strong>id\u00e9al = 50<\/strong>, a \u00e9t\u00e9 possible ici du fait de l\u2019absence de s\u00e9lection des pieds femelles pour la production de dattes.<\/span><\/span><\/div>\n<div><span style=\"font-size: 12px;\"><span style=\"font-family: tahoma,geneva,sans-serif;\">* la <strong>diversit\u00e9 g\u00e9n\u00e9tique<\/strong>\u00a0: le g\u00e9notypage pr\u00e9liminaire a montr\u00e9 une diversit\u00e9 importante pour l\u2019\u00e9chantillon retenu, un atout pour ce type d\u2019\u00e9tudes.<\/span><\/span><\/div>\n<\/div>\n<div>\u00a0<\/div>\n<div style=\"text-align: justify;\"><strong><span style=\"font-size: 12px;\"><span style=\"font-family: tahoma,geneva,sans-serif;\"><span style=\"color: black;\">R\u00e9sultats. <\/span><\/span><\/span><\/strong><span style=\"font-size: 12px;\"><span style=\"font-family: tahoma,geneva,sans-serif;\"><span style=\"color: black;\">Le protocole descriptif \u00ab\u00a0populationnel\u00a0\u00bb italien a permis de confirmer globalement un cycle v\u00e9g\u00e9tatif correspondant au cycle g\u00e9n\u00e9ral du palmier dattier, avec diverses particularit\u00e9s dont certaines pourraient \u00eatre locales\u00a0:<\/span><\/span><\/span><\/div>\n<div style=\"text-align: justify;\"><span style=\"font-size: 12px;\"><span style=\"font-family: tahoma,geneva,sans-serif;\"><span style=\"color: black;\">&#8211; l\u2019<strong>importance des inflorescences hors saison<\/strong> et la caract\u00e9risation de cette p\u00e9riode de floraison hors-saison,<\/span><\/span><\/span><\/div>\n<div style=\"text-align: justify;\"><span style=\"font-size: 12px;\"><span style=\"font-family: tahoma,geneva,sans-serif;\"><span style=\"color: black;\">&#8211; l\u2019<strong>importance du ph\u00e9nom\u00e8ne d\u2019hermaphrodisme<\/strong> (avec plus de 10% des arbres m\u00e2les pr\u00e9sentant un d\u00e9veloppement carpellaire pouvant aller jusqu\u2019\u00e0 la production de r\u00e9gimes parth\u00e9nocarpiques),<\/span><\/span><\/span><\/div>\n<div style=\"text-align: justify;\"><span style=\"font-size: 12px;\"><span style=\"font-family: tahoma,geneva,sans-serif;\"><span style=\"color: black;\">&#8211; une <strong>nette diff\u00e9renciation dans la floraison<\/strong> entre les diff\u00e9rents secteurs de l\u2019\u00e9chantillon,<\/span><\/span><\/span><\/div>\n<div style=\"text-align: justify;\"><span style=\"font-size: 12px;\"><span style=\"font-family: tahoma,geneva,sans-serif;\"><span style=\"color: black;\">&#8211; une diff\u00e9renciation encore plus prononc\u00e9e dans la floraison entre les <strong>arbres m\u00e2les et femelles<\/strong><\/span><\/span><\/span><span style=\"font-size: 12px;\"><span style=\"font-family: tahoma,geneva,sans-serif;\"><span style=\"color: black;\">.<\/span><\/span><\/span><\/div>\n<div style=\"text-align: justify;\">\u00a0<\/div>\n<div><span style=\"font-size: 12px;\"><span style=\"font-family: tahoma,geneva,sans-serif;\"><strong>BIBLIOGRAPHIE<\/strong><\/span><\/span><\/div>\n<div><span style=\"font-size: 12px;\"><span style=\"font-family: tahoma,geneva,sans-serif;\"><strong>CHEVALIER<\/strong> <strong>A. 1924<\/strong>. <span style=\"color: #ff0000;\">Dattiers \u00e0 fruits comestibles cultiv\u00e9s sur la C\u00f4te d\u2019Azur.<\/span> In Revue de Botanique Appliqu\u00e9e et d&rsquo;Agriculture Coloniale 1924 (188-198). Link:\u00a0 <a href=\"http:\/\/gallica.bnf.fr\/ark:\/12148\/bpt6k1224641\/f5.image.swfv\" target=\"_blank\" rel=\"noopener\">gallica.bnf.fr<\/a><\/span><\/span><\/div>\n<div style=\"text-align: justify;\"><span style=\"font-size: 12px;\"><span style=\"font-family: tahoma,geneva,sans-serif;\"><strong>PINTAUD J.C. 2012. <\/strong><span style=\"color: #ff0000;\">Suivi ph\u00e9nologique du palmier dattier: protocoles pour la caract\u00e9risation des cycles v\u00e9g\u00e9tatifs et reproducteurs \u00e9labor\u00e9s sur le site italien de Sanremo (2008-2011)<\/span>. Link: <a href=\"http:\/\/www.listephoenix.com\/wp-content\/uploads\/2012\/01\/PINTAUD-2012-phenologie-du-palmier-dattier.pdf\" target=\"_blank\" rel=\"noopener\">Version 2012<\/a>.<\/span><\/span><\/div>\n<div style=\"text-align: justify;\"><span style=\"font-size: 12px;\"><span style=\"font-family: tahoma,geneva,sans-serif;\"><strong>PINTAUD<\/strong> <strong>et alii 2010<\/strong>. <span style=\"color: #ff0000;\">Ph\u00e9nologie du palmier dattier: caract\u00e9risation du cycle reproducteur au niveau populationnel sur un \u00e9chantillon italien de <em>ph\u0153nix dactylifera<\/em><\/span><\/span><\/span>.<span style=\"font-size: 12px;\"><span style=\"font-family: tahoma,geneva,sans-serif;\"> Link:\u00a0<\/span><\/span><span style=\"font-size: 12px;\"><span style=\"font-family: tahoma,geneva,sans-serif;\"><a href=\"http:\/\/www.listephoenix.com\/wp-content\/uploads\/2012\/01\/Castellana-Pintaud-Littardi-2010-phenologie.pdf\" target=\"_blank\" rel=\"noopener\">Pintaud 2010<\/a><\/span><\/span><\/div>","protected":false},"excerpt":{"rendered":"<p>Citer cet article&nbsp;: CRP 2012. Description et caract\u00e9risation des palmiers du genre Phoenix: description du cycle reproducteur des palmiers.&nbsp;R\u00e9dacteur Robert CASTELLANA.&nbsp;Statut: compte-rendu de recherches. Edition&#8230;<\/p>\n<div class=\"more-link-wrapper\"><a class=\"more-link\" href=\"http:\/\/www.listephoenix.com\/?page_id=2303\">Continue reading<span class=\"screen-reader-text\">Sanremo-Bordighera<\/span><\/a><\/div>\n","protected":false},"author":2,"featured_media":0,"parent":2273,"menu_order":0,"comment_status":"closed","ping_status":"closed","template":"","meta":{"footnotes":""},"class_list":["post-2303","page","type-page","status-publish","hentry","entry"],"_links":{"self":[{"href":"http:\/\/www.listephoenix.com\/index.php?rest_route=\/wp\/v2\/pages\/2303","targetHints":{"allow":["GET"]}}],"collection":[{"href":"http:\/\/www.listephoenix.com\/index.php?rest_route=\/wp\/v2\/pages"}],"about":[{"href":"http:\/\/www.listephoenix.com\/index.php?rest_route=\/wp\/v2\/types\/page"}],"author":[{"embeddable":true,"href":"http:\/\/www.listephoenix.com\/index.php?rest_route=\/wp\/v2\/users\/2"}],"replies":[{"embeddable":true,"href":"http:\/\/www.listephoenix.com\/index.php?rest_route=%2Fwp%2Fv2%2Fcomments&post=2303"}],"version-history":[{"count":17,"href":"http:\/\/www.listephoenix.com\/index.php?rest_route=\/wp\/v2\/pages\/2303\/revisions"}],"predecessor-version":[{"id":13064,"href":"http:\/\/www.listephoenix.com\/index.php?rest_route=\/wp\/v2\/pages\/2303\/revisions\/13064"}],"up":[{"embeddable":true,"href":"http:\/\/www.listephoenix.com\/index.php?rest_route=\/wp\/v2\/pages\/2273"}],"wp:attachment":[{"href":"http:\/\/www.listephoenix.com\/index.php?rest_route=%2Fwp%2Fv2%2Fmedia&parent=2303"}],"curies":[{"name":"wp","href":"https:\/\/api.w.org\/{rel}","templated":true}]}}