{"id":2306,"date":"2012-01-14T13:02:11","date_gmt":"2012-01-14T11:02:11","guid":{"rendered":"http:\/\/www.art.listephoenix.com\/?page_id=720"},"modified":"2025-04-03T11:24:51","modified_gmt":"2025-04-03T10:24:51","slug":"gabes","status":"publish","type":"page","link":"http:\/\/www.listephoenix.com\/?page_id=2306","title":{"rendered":"Gabes"},"content":{"rendered":"\n<p><strong>Citer cet article&nbsp;: CRP 2012. Description et caract\u00e9risation des palmiers du genre Phoenix: description du cycle reproducteur des palmiers.&nbsp;<\/strong>R\u00e9dacteur Robert CASTELLANA.&nbsp;Statut: compte-rendu de recherches. Edition en ligne.&nbsp;&nbsp;<strong><a href=\"http:\/\/www.listephoenix.com\/?page_id=2273\">Lien<\/a><\/strong><\/p>\n\n\n<div>\n<div style=\"text-align: justify;\"><span style=\"font-size: 11px;\"><span style=\"font-family: tahoma,geneva,sans-serif;\"><strong><a href=\"http:\/\/www.listephoenix.com\/?page_id=2273\">HOME <\/a>\/ <a href=\"http:\/\/www.listephoenix.com\/?page_id=2304\">DJIBOUTI<\/a> \/ <a href=\"http:\/\/www.listephoenix.com\/?page_id=2306\">GABES\u00a0<\/a> \/ <a href=\"http:\/\/www.listephoenix.com\/?page_id=2305\">TOZEUR\u00a0<\/a> \/ <a href=\"http:\/\/www.listephoenix.com\/?page_id=2303\">SANREMO-BORDIGHERA<\/a> \/ <a href=\"http:\/\/www.listephoenix.com\/?page_id=4923\">SOUTH-AMERICA<\/a><\/strong><\/span><\/span><\/div>\n<div>\u00a0<\/div>\n<div style=\"text-align: justify;\"><img loading=\"lazy\" decoding=\"async\" class=\"alignleft size-full wp-image-7856\" src=\"http:\/\/www.listephoenix.com\/wp-content\/uploads\/2012\/01\/Pheno-Gabes.jpg\" alt=\"Pheno-Gabes\" width=\"261\" height=\"768\" srcset=\"http:\/\/www.listephoenix.com\/wp-content\/uploads\/2012\/01\/Pheno-Gabes.jpg 261w, http:\/\/www.listephoenix.com\/wp-content\/uploads\/2012\/01\/Pheno-Gabes-51x150.jpg 51w, http:\/\/www.listephoenix.com\/wp-content\/uploads\/2012\/01\/Pheno-Gabes-102x300.jpg 102w\" sizes=\"auto, (max-width: 261px) 100vw, 261px\" \/><\/div>\n<div style=\"text-align: justify;\"><img loading=\"lazy\" decoding=\"async\" class=\"alignleft size-medium wp-image-7857\" title=\"\" src=\"http:\/\/www.listephoenix.com\/wp-content\/uploads\/2012\/01\/Pheno-Gabes-ensoleillement-300x216.jpg\" alt=\"Pheno-Gabes-ensoleillement\" width=\"270\" height=\"194\" srcset=\"http:\/\/www.listephoenix.com\/wp-content\/uploads\/2012\/01\/Pheno-Gabes-ensoleillement-300x216.jpg 300w, http:\/\/www.listephoenix.com\/wp-content\/uploads\/2012\/01\/Pheno-Gabes-ensoleillement-150x108.jpg 150w, http:\/\/www.listephoenix.com\/wp-content\/uploads\/2012\/01\/Pheno-Gabes-ensoleillement.jpg 666w\" sizes=\"auto, (max-width: 270px) 100vw, 270px\" \/><\/div>\n<div style=\"text-align: justify;\">\u00a0<\/div>\n<div style=\"text-align: justify;\">\u00a0<\/div>\n<div style=\"text-align: justify;\">\u00a0<\/div>\n<div style=\"text-align: justify;\">\u00a0<\/div>\n<div style=\"text-align: justify;\">\u00a0<\/div>\n<div style=\"text-align: justify;\">\u00a0<\/div>\n<div style=\"text-align: justify;\">\u00a0<\/div>\n<div style=\"text-align: justify;\">\u00a0<\/div>\n<div style=\"text-align: justify;\">\u00a0<\/div>\n<div style=\"text-align: justify;\"><span style=\"color: #008000;\"><span style=\"font-size: 12px;\"><span style=\"font-family: tahoma,geneva,sans-serif;\"><b>Le palmier-dattier, Phoenix dactylifera, pr\u00e9sente une diversit\u00e9 g\u00e9n\u00e9tique exceptionnelle qui se traduit par l\u2019existence d\u2019une grande variation dans le ph\u00e9notype au niveau ph\u00e9nologique (\u00e9talement de la floraison, fruits persistants ou non, etc.). Cette diversit\u00e9 nous a conduit \u00e0 mettre en place des recherches comparatives visant \u00e0 la description de son cycle reproducteur. L&rsquo;un des enjeux de ces recherches concerne le r\u00e9chauffement du climat et son impact \u00e9conomique pour les r\u00e9gions de production datti\u00e8re. Il s&rsquo;agit aussi de savoir si le palmier dattier pourrait \u00eatre un indicateur fiable de ces m\u00eames changements. <\/b><\/span><\/span><\/span><\/div>\n<\/div>\n<div style=\"text-align: justify;\">\u00a0<\/div>\n<div style=\"text-align: justify;\"><span style=\"font-size: 12px;\"><span style=\"font-family: tahoma,geneva,sans-serif;\">Le protocole de suivi ph\u00e9nologique a \u00e9t\u00e9 mis en place sur la station de Gabes, en Tunisie, \u00e0 l\u2019initiative du <strong>Laboratoire d&rsquo;Aridoculture et Cultures Oasiennes<\/strong> de l&rsquo;Institut des R\u00e9gions Arides (<strong>IRA<\/strong>). Il concerne un \u00e9chantillon de 70 palmiers, avec un sex-ratio \u00e9quilibr\u00e9 (34 males et 36 femelles). La population femelle comprend des cultivars de palmier des oasis littorales comme Bouhattam, Lemsi, Rochdi, Eguiwa, Garn Gazel, etc., ainsi que quelques pieds Khalt. Les pieds males sont tous des pieds diff\u00e9rents, puisqu&rsquo;il n&rsquo;existe pas de tradition de classification des palmiers males en Tunisie. Ils sont consid\u00e9r\u00e9s comme issus de graines. <\/span><\/span><\/div>\n<div style=\"text-align: justify;\">\u00a0<\/div>\n<div style=\"text-align: justify;\"><span style=\"font-size: 12px;\"><span style=\"font-family: tahoma,geneva,sans-serif;\">Les observations porteront sur les stades de fructification (apparition des spathes, des fleurs et des fruits). Ce dernier point sera d\u00e9velopp\u00e9 afin de tenir compte des diff\u00e9rents stades de maturation (nouaison, fruits verts, fruits color\u00e9s et fruits murs).<\/span><\/span><\/div>\n<div style=\"text-align: justify;\">\u00a0<\/div>\n<div style=\"text-align: justify;\"><span style=\"font-size: 12px;\"><span style=\"font-family: tahoma,geneva,sans-serif;\"><strong>Situ\u00e9e \u00e0 une latitude de 33-53N, et \u00e0 une longitude de 010-06E<\/strong>, la palmeraie de Gab\u00e8s est caract\u00e9ris\u00e9e par des pluies irr\u00e9guli\u00e8res et rares. Les temp\u00e9ratures moyennes sont comprises entre 7,8\u00b0C \u00e0 17,4\u00b0C en hiver et 23,3\u00b0C \u00e0 36,6\u00b0C en \u00e9t\u00e9. L\u2019air y est sec mais plus humide \u00e0 proximit\u00e9 de la mer.<\/span><\/span><\/div>\n<div>\u00a0<\/div>","protected":false},"excerpt":{"rendered":"<p>Citer cet article&nbsp;: CRP 2012. Description et caract\u00e9risation des palmiers du genre Phoenix: description du cycle reproducteur des palmiers.&nbsp;R\u00e9dacteur Robert CASTELLANA.&nbsp;Statut: compte-rendu de recherches. Edition&#8230;<\/p>\n<div class=\"more-link-wrapper\"><a class=\"more-link\" href=\"http:\/\/www.listephoenix.com\/?page_id=2306\">Continue reading<span class=\"screen-reader-text\">Gabes<\/span><\/a><\/div>\n","protected":false},"author":2,"featured_media":0,"parent":2273,"menu_order":0,"comment_status":"closed","ping_status":"closed","template":"","meta":{"footnotes":""},"class_list":["post-2306","page","type-page","status-publish","hentry","entry"],"_links":{"self":[{"href":"http:\/\/www.listephoenix.com\/index.php?rest_route=\/wp\/v2\/pages\/2306","targetHints":{"allow":["GET"]}}],"collection":[{"href":"http:\/\/www.listephoenix.com\/index.php?rest_route=\/wp\/v2\/pages"}],"about":[{"href":"http:\/\/www.listephoenix.com\/index.php?rest_route=\/wp\/v2\/types\/page"}],"author":[{"embeddable":true,"href":"http:\/\/www.listephoenix.com\/index.php?rest_route=\/wp\/v2\/users\/2"}],"replies":[{"embeddable":true,"href":"http:\/\/www.listephoenix.com\/index.php?rest_route=%2Fwp%2Fv2%2Fcomments&post=2306"}],"version-history":[{"count":16,"href":"http:\/\/www.listephoenix.com\/index.php?rest_route=\/wp\/v2\/pages\/2306\/revisions"}],"predecessor-version":[{"id":13062,"href":"http:\/\/www.listephoenix.com\/index.php?rest_route=\/wp\/v2\/pages\/2306\/revisions\/13062"}],"up":[{"embeddable":true,"href":"http:\/\/www.listephoenix.com\/index.php?rest_route=\/wp\/v2\/pages\/2273"}],"wp:attachment":[{"href":"http:\/\/www.listephoenix.com\/index.php?rest_route=%2Fwp%2Fv2%2Fmedia&parent=2306"}],"curies":[{"name":"wp","href":"https:\/\/api.w.org\/{rel}","templated":true}]}}