{"id":12760,"date":"2025-01-05T13:58:40","date_gmt":"2025-01-05T12:58:40","guid":{"rendered":"http:\/\/www.listephoenix.com\/?page_id=12760"},"modified":"2026-01-28T18:34:59","modified_gmt":"2026-01-28T17:34:59","slug":"actualites","status":"publish","type":"page","link":"https:\/\/www.listephoenix.com\/","title":{"rendered":"ACTUALIT\u00c9S"},"content":{"rendered":"<div class=\"wp-block-image\">\n<figure class=\"alignleft\"><img decoding=\"async\" src=\"http:\/\/bioarchive.listephoenix.com\/wp-content\/uploads\/2020\/07\/1-Castellana-Robert-150x150.jpg\" alt=\"\" class=\"wp-image-1209\" title=\"\"\/><\/figure>\n<\/div>\n\n\n<p><strong>Bonjour et bonne ann\u00e9e 2026. Notre site \u00e9volue de m\u00eame que nos activit\u00e9s. Nous avons notamment renouvel\u00e9 nos collaborations relatives \u00e0 la sociologie des cultures d\u2019entreprises et des identit\u00e9s professionnelles, en relation avec le monde de l\u2019industrie. Nous avons aussi \u00e9labor\u00e9 de nouveaux itin\u00e9raires patrimoniaux de visites en collaboration avec diverses associations, institutions et professionnels du tourisme. Ces itin\u00e9raires portent sur les th\u00e8mes de la vill\u00e9giature touristique, de l\u2019art et de l\u2019artisanat, des jardins et des paysages et du patrimoine industriel. Nous poursuivons par ailleurs\u00a0 nos collaborations euro-m\u00e9diterran\u00e9ennes, avec divers jardins botaniques et instituts de recherche, autour de th\u00e8mes qui touchent \u00e0 la fois au patrimoine et \u00e0 l\u2019\u00e9cologie.\u00a0Si nos initiatives vous int\u00e9ressent, vous pouvez nous joindre sur notre page d\u2019accueil<\/strong>:\u00a0<a href=\"http:\/\/bioarchive.listephoenix.com\/bio-archive\/\" target=\"_blank\" rel=\"noreferrer noopener\">bioarchive.listephoenix<\/a>\u00a0<\/p>\n\n\n\n<figure class=\"wp-block-image size-full\"><img loading=\"lazy\" decoding=\"async\" width=\"700\" height=\"987\" src=\"http:\/\/www.listephoenix.com\/wp-content\/uploads\/2025\/03\/Expo-Cococo-2025.jpg\" alt=\"\" class=\"wp-image-12881\" srcset=\"https:\/\/www.listephoenix.com\/wp-content\/uploads\/2025\/03\/Expo-Cococo-2025.jpg 700w, https:\/\/www.listephoenix.com\/wp-content\/uploads\/2025\/03\/Expo-Cococo-2025-213x300.jpg 213w, https:\/\/www.listephoenix.com\/wp-content\/uploads\/2025\/03\/Expo-Cococo-2025-106x150.jpg 106w\" sizes=\"auto, (max-width: 700px) 100vw, 700px\" \/><figcaption class=\"wp-element-caption\">CREATOR: gd-jpeg v1.0 (using IJG JPEG v62), quality = 82<\/figcaption><\/figure>\n\n\n\n<p><strong>EXPOSITION COCO &amp; CO 2025. Le monde fascinant des palmiers&nbsp;: diversit\u00e9, \u00e9cologie, utilisations, conservation et d\u00e9veloppement. <\/strong>Conf\u00e9rence de Fred Stauffer et Didier Roguet, dans le cadre de l\u2019exposition Coco &amp; Co qui se tient au Jardin botanique Jean Marie Pelt de Nancy. Jean-Marie Pelt (1933\u20132015) est un biologiste, pharmacien, botaniste, \u00e9cologiste, professeur des universit\u00e9s en biologie v\u00e9g\u00e9tale et pharmacognosie. Il a effectu\u00e9 diverses missions scientifiques \u00e0 l\u2019\u00e9tranger pour le compte de l\u2019Orstom (actuelle IRD) et du CNRS d\u00e9bouchant sur des publications scientifiques portant sur l&rsquo;\u00e9cologie v\u00e9g\u00e9tale et les pharmacop\u00e9es traditionnelles. Il pr\u00e9sidait l\u2019Institut europ\u00e9en d\u2019\u00e9cologie, une association de recherche et de promotion de l&rsquo;\u00e9cologie, notamment en milieu urbain. Il est connu du grand public gr\u00e2ce \u00e0 ses \u00e9missions et documentaires pour la t\u00e9l\u00e9vision, dont L&rsquo;Aventure des plantes. Situ\u00e9 \u00e0 Nancy, le jardin botanique Jean Marie Pelt est l\u2019un des plus importants jardins botaniques fran\u00e7ais. <strong><a href=\"https:\/\/www.echosciences-grandest.fr\/evenements\/le-monde-fascinant-des-palmiers\" target=\"_blank\" rel=\"noreferrer noopener\">Lien<\/a><\/strong><\/p>\n\n\n\n<figure class=\"wp-block-image size-full\"><img loading=\"lazy\" decoding=\"async\" width=\"758\" height=\"489\" src=\"http:\/\/www.listephoenix.com\/wp-content\/uploads\/2012\/01\/OASIS-distribution.jpg\" alt=\"\" class=\"wp-image-8963\" srcset=\"https:\/\/www.listephoenix.com\/wp-content\/uploads\/2012\/01\/OASIS-distribution.jpg 758w, https:\/\/www.listephoenix.com\/wp-content\/uploads\/2012\/01\/OASIS-distribution-150x97.jpg 150w, https:\/\/www.listephoenix.com\/wp-content\/uploads\/2012\/01\/OASIS-distribution-300x194.jpg 300w\" sizes=\"auto, (max-width: 758px) 100vw, 758px\" \/><\/figure>\n\n\n\n<p><strong>PROJETS 2026&nbsp;: \u00e9cosyst\u00e8mes oasiens et r\u00e9chauffement climatique.<\/strong> Avec ses palmiers, le monde oasien est l&rsquo;une des principales sources de l\u2019imagerie orientalisante qui a vu le jour \u00e0&nbsp; la fin du 19\u00e8me si\u00e8cle.&nbsp; Mais le monde oasien n\u2019est pas seulement un paysage. Il s\u2019agit aussi d\u2019un \u00e9cosyst\u00e8me fragile et menac\u00e9, qui pr\u00e9sente un grand int\u00e9r\u00eat \u00e0 la fois \u00e9cologique, \u00e9conomique et patrimonial. Nous allons travailler cette ann\u00e9e \u00e0 mettre \u00e0 jour et \u00e0 d\u00e9velopper plus largement les pages web actuelles de notre site. <a href=\"http:\/\/www.listephoenix.com\/?page_id=2313\"><strong>Lien<\/strong><\/a><\/p>\n\n\n\n<figure class=\"wp-block-image size-large\"><img loading=\"lazy\" decoding=\"async\" width=\"1024\" height=\"681\" src=\"http:\/\/www.listephoenix.com\/wp-content\/uploads\/2024\/10\/Rameaux-Egypte-Selling-Palm-Elraheb-1024x681.jpg\" alt=\"\" class=\"wp-image-12388\" srcset=\"https:\/\/www.listephoenix.com\/wp-content\/uploads\/2024\/10\/Rameaux-Egypte-Selling-Palm-Elraheb-1024x681.jpg 1024w, https:\/\/www.listephoenix.com\/wp-content\/uploads\/2024\/10\/Rameaux-Egypte-Selling-Palm-Elraheb-300x199.jpg 300w, https:\/\/www.listephoenix.com\/wp-content\/uploads\/2024\/10\/Rameaux-Egypte-Selling-Palm-Elraheb-150x100.jpg 150w, https:\/\/www.listephoenix.com\/wp-content\/uploads\/2024\/10\/Rameaux-Egypte-Selling-Palm-Elraheb-768x510.jpg 768w, https:\/\/www.listephoenix.com\/wp-content\/uploads\/2024\/10\/Rameaux-Egypte-Selling-Palm-Elraheb.jpg 1440w\" sizes=\"auto, (max-width: 1024px) 100vw, 1024px\" \/><\/figure>\n\n\n\n<p>Le Dies palmarum en Egypte. Photographie de Naguy El Raheb<\/p>\n\n\n\n<p><strong>Mise \u00e0 jour de nos articles relatifs au Dies palmarum et \u00e0 l&rsquo;introduction des palmiers en Europe<\/strong>. Les plantes occupent une place importante dans les textes bibliques et parmi elles le palmier-dattier (<em>Phoenix dactylifera<\/em>) qui fait partie des principaux rites chr\u00e9tiens orientaux, copte, byzantin, arm\u00e9nien, chald\u00e9en, syrien ou maronite. Cette tradition remonte \u00e0 la mention dans les \u00c9vangiles de l\u2019entr\u00e9e du Christ \u00e0 J\u00e9rusalem. Le&nbsp;<em>Dies Palmarum<\/em>&nbsp;(Office des Palmes ou Dimanche des Rameaux) est ainsi c\u00e9l\u00e9br\u00e9 depuis le 4<sup>\u00e8me<\/sup>&nbsp;si\u00e8cle \u00e0 J\u00e9rusalem et en Egypte par les \u00e9glises chr\u00e9tiennes. L\u2019introduction de l\u2019imagerie du palmier en Occident, o\u00f9 cet arbre \u00e9tait alors inconnu, remonte \u00e0 l\u2019\u00e9poque o\u00f9 le monachisme et l\u2019\u00e9r\u00e9mitisme se d\u00e9velopp\u00e8rent dans les d\u00e9serts et les oasis du Moyen-Orient. Les palmiers, qui participaient du quotidien des moines, \u00e9taient en effet largement repr\u00e9sent\u00e9s dans les monast\u00e8res. Ces m\u00eames monast\u00e8res allaient \u00eatre par la suite \u00e0 l\u2019origine de \u00e9vang\u00e9lisation de l\u2019Europe, avec notamment l\u2019installation d\u2018ermites orientaux sur la c\u00f4te ligure, Sant\u2019Ampelio \u00e0 Bordighera et surtout Saint Honorat \u00e0 Cannes, sur l\u2019\u00eele de L\u00e9rins dont le rayonnement s\u2019\u00e9tendra jusqu\u2019\u00e0 l\u2019Irlande. Les l\u00e9gendes relatives aux moines de L\u00e9rins et de Bordighera font explicitement allusion \u00e0 la pr\u00e9sence du palmier, qui devient vite incontournable dans l\u2019iconographie chr\u00e9tienne en Occident. On le retrouve d\u00e9s lors dans l\u2019architecture des \u00e9glises et dans leur d\u00e9coration, en tant qu\u2019attribut des saints orientaux mais aussi des martyrs chr\u00e9tiens. Le palmier va ainsi poss\u00e9der dans l\u2019Occident chr\u00e9tien une connotation hautement exotique, celle d\u2019un embl\u00e8me de la Terre Sainte. Elle ressort plus particuli\u00e8rement de la c\u00e9l\u00e9bration du Dimanche des Palmes, le&nbsp;<em>Dies Palmarum<\/em>, qui inaugure la Semaine Sainte. Les moines et les moniales lui donneront une dimension de cat\u00e9chisme populaire avec la diffusion de la tradition des feuilles de palmes tress\u00e9es qui s\u2019\u00e9tend de nos jours \u00e0 l\u2019ensemble du monde chr\u00e9tien. Mais au-del\u00e0 de l\u2019imagerie exotique et\/ou religieuse, l\u2019histoire du&nbsp;<em>Dies Palmarum<\/em>&nbsp;est aussi celle de l\u2019introduction et de la diffusion d\u2019une plante, avec la fondation des deux palmeraies m\u00e9di\u00e9vales d\u2019Elche en Espagne et de Bordighera en Italie. <strong><a href=\"http:\/\/www.listephoenix.com\/?page_id=10256\">Lien<\/a><\/strong><\/p>\n\n\n\n<figure class=\"wp-block-embed is-type-video is-provider-youtube wp-block-embed-youtube wp-embed-aspect-16-9 wp-has-aspect-ratio\"><div class=\"wp-block-embed__wrapper\">\n<iframe loading=\"lazy\" title=\"\u00bfQu\u00e9 le pas\u00f3 a las palmeras en la CDMX? - N+\" width=\"500\" height=\"281\" src=\"https:\/\/www.youtube.com\/embed\/GLSo8pOpGgk?feature=oembed\" frameborder=\"0\" allow=\"accelerometer; autoplay; clipboard-write; encrypted-media; gyroscope; picture-in-picture; web-share\" referrerpolicy=\"strict-origin-when-cross-origin\" allowfullscreen><\/iframe>\n<\/div><\/figure>\n\n\n\n<p><strong>NOUVELLES MENACES&nbsp;: Actualit\u00e9s de la lutte int\u00e9gr\u00e9e (IPM) en Am\u00e9rique du Sud.<\/strong> Les informations r\u00e9centes en provenance de la r\u00e9gion des Cara\u00efbes viennent confirmer l\u2019installation du charan\u00e7on rouge du palmier (Red Palm Weevil) dans la r\u00e9gion. Il s\u2019agit de l\u2019\u00eele franco-n\u00e9erlandaise de Saint Martin et du Mexique o\u00f9 les d\u00e9g\u00e2ts sont spectaculaires. Le ravageur est par ailleurs pr\u00e9sent depuis 2022 en Uruguay o\u00f9 sa progression continue. Nous nous sommes rendus en 2024 sur l\u2019\u00eele de Saint Martin, o\u00f9 nous avons pris contact avec les acteurs de la lutte. Le compte-rendu de notre visite est en ligne <a href=\"http:\/\/www.listephoenix.com\/?p=11962\"><strong>ici<\/strong><\/a><\/p>\n","protected":false},"excerpt":{"rendered":"<p>Bonjour et bonne ann\u00e9e 2026. Notre site \u00e9volue de m\u00eame que nos activit\u00e9s. Nous avons notamment renouvel\u00e9 nos collaborations relatives \u00e0 la sociologie des cultures&#8230;<\/p>\n<div class=\"more-link-wrapper\"><a class=\"more-link\" href=\"https:\/\/www.listephoenix.com\/\">Continue reading<span class=\"screen-reader-text\">ACTUALIT\u00c9S<\/span><\/a><\/div>\n","protected":false},"author":2,"featured_media":0,"parent":0,"menu_order":0,"comment_status":"closed","ping_status":"closed","template":"","meta":{"footnotes":""},"class_list":["post-12760","page","type-page","status-publish","hentry","entry"],"_links":{"self":[{"href":"https:\/\/www.listephoenix.com\/index.php?rest_route=\/wp\/v2\/pages\/12760","targetHints":{"allow":["GET"]}}],"collection":[{"href":"https:\/\/www.listephoenix.com\/index.php?rest_route=\/wp\/v2\/pages"}],"about":[{"href":"https:\/\/www.listephoenix.com\/index.php?rest_route=\/wp\/v2\/types\/page"}],"author":[{"embeddable":true,"href":"https:\/\/www.listephoenix.com\/index.php?rest_route=\/wp\/v2\/users\/2"}],"replies":[{"embeddable":true,"href":"https:\/\/www.listephoenix.com\/index.php?rest_route=%2Fwp%2Fv2%2Fcomments&post=12760"}],"version-history":[{"count":13,"href":"https:\/\/www.listephoenix.com\/index.php?rest_route=\/wp\/v2\/pages\/12760\/revisions"}],"predecessor-version":[{"id":13413,"href":"https:\/\/www.listephoenix.com\/index.php?rest_route=\/wp\/v2\/pages\/12760\/revisions\/13413"}],"wp:attachment":[{"href":"https:\/\/www.listephoenix.com\/index.php?rest_route=%2Fwp%2Fv2%2Fmedia&parent=12760"}],"curies":[{"name":"wp","href":"https:\/\/api.w.org\/{rel}","templated":true}]}}

ACTUALITÉS

<div class="wp-block-image">
<figure class="alignleft"><img decoding="async" src="http://bioarchive.listephoenix.com/wp-content/uploads/2020/07/1-Castellana-Robert-150x150.jpg" alt="" class="wp-image-1209" title=""/></figure>
</div>


<p><strong>Bonjour et bonne année 2026. Notre site évolue de même que nos activités. Nous avons notamment renouvelé nos collaborations relatives à la sociologie des cultures d’entreprises et des identités professionnelles, en relation avec le monde de l’industrie. Nous avons aussi élaboré de nouveaux itinéraires patrimoniaux de visites en collaboration avec diverses associations, institutions et professionnels du tourisme. Ces itinéraires portent sur les thèmes de la villégiature touristique, de l’art et de l’artisanat, des jardins et des paysages et du patrimoine industriel. Nous poursuivons par ailleurs  nos collaborations euro-méditerranéennes, avec divers jardins botaniques et instituts de recherche, autour de thèmes qui touchent à la fois au patrimoine et à l’écologie. Si nos initiatives vous intéressent, vous pouvez nous joindre sur notre page d’accueil</strong>: <a href="http://bioarchive.listephoenix.com/bio-archive/" target="_blank" rel="noreferrer noopener">bioarchive.listephoenix</a> </p>



<figure class="wp-block-image size-full"><img loading="lazy" decoding="async" width="700" height="987" src="http://www.listephoenix.com/wp-content/uploads/2025/03/Expo-Cococo-2025.jpg" alt="" class="wp-image-12881" srcset="https://www.listephoenix.com/wp-content/uploads/2025/03/Expo-Cococo-2025.jpg 700w, https://www.listephoenix.com/wp-content/uploads/2025/03/Expo-Cococo-2025-213x300.jpg 213w, https://www.listephoenix.com/wp-content/uploads/2025/03/Expo-Cococo-2025-106x150.jpg 106w" sizes="auto, (max-width: 700px) 100vw, 700px" /><figcaption class="wp-element-caption">CREATOR: gd-jpeg v1.0 (using IJG JPEG v62), quality = 82</figcaption></figure>



<p><strong>EXPOSITION COCO &amp; CO 2025. Le monde fascinant des palmiers&nbsp;: diversité, écologie, utilisations, conservation et développement. </strong>Conférence de Fred Stauffer et Didier Roguet, dans le cadre de l’exposition Coco &amp; Co qui se tient au Jardin botanique Jean Marie Pelt de Nancy. Jean-Marie Pelt (1933–2015) est un biologiste, pharmacien, botaniste, écologiste, professeur des universités en biologie végétale et pharmacognosie. Il a effectué diverses missions scientifiques à l’étranger pour le compte de l’Orstom (actuelle IRD) et du CNRS débouchant sur des publications scientifiques portant sur l&rsquo;écologie végétale et les pharmacopées traditionnelles. Il présidait l’Institut européen d’écologie, une association de recherche et de promotion de l&rsquo;écologie, notamment en milieu urbain. Il est connu du grand public grâce à ses émissions et documentaires pour la télévision, dont L&rsquo;Aventure des plantes. Situé à Nancy, le jardin botanique Jean Marie Pelt est l’un des plus importants jardins botaniques français. <strong><a href="https://www.echosciences-grandest.fr/evenements/le-monde-fascinant-des-palmiers" target="_blank" rel="noreferrer noopener">Lien</a></strong></p>



<figure class="wp-block-image size-full"><img loading="lazy" decoding="async" width="758" height="489" src="http://www.listephoenix.com/wp-content/uploads/2012/01/OASIS-distribution.jpg" alt="" class="wp-image-8963" srcset="https://www.listephoenix.com/wp-content/uploads/2012/01/OASIS-distribution.jpg 758w, https://www.listephoenix.com/wp-content/uploads/2012/01/OASIS-distribution-150x97.jpg 150w, https://www.listephoenix.com/wp-content/uploads/2012/01/OASIS-distribution-300x194.jpg 300w" sizes="auto, (max-width: 758px) 100vw, 758px" /></figure>



<p><strong>PROJETS 2026&nbsp;: écosystèmes oasiens et réchauffement climatique.</strong> Avec ses palmiers, le monde oasien est l&rsquo;une des principales sources de l’imagerie orientalisante qui a vu le jour à&nbsp; la fin du 19ème siècle.&nbsp; Mais le monde oasien n’est pas seulement un paysage. Il s’agit aussi d’un écosystème fragile et menacé, qui présente un grand intérêt à la fois écologique, économique et patrimonial. Nous allons travailler cette année à mettre à jour et à développer plus largement les pages web actuelles de notre site. <a href="http://www.listephoenix.com/?page_id=2313"><strong>Lien</strong></a></p>



<figure class="wp-block-image size-large"><img loading="lazy" decoding="async" width="1024" height="681" src="http://www.listephoenix.com/wp-content/uploads/2024/10/Rameaux-Egypte-Selling-Palm-Elraheb-1024x681.jpg" alt="" class="wp-image-12388" srcset="https://www.listephoenix.com/wp-content/uploads/2024/10/Rameaux-Egypte-Selling-Palm-Elraheb-1024x681.jpg 1024w, https://www.listephoenix.com/wp-content/uploads/2024/10/Rameaux-Egypte-Selling-Palm-Elraheb-300x199.jpg 300w, https://www.listephoenix.com/wp-content/uploads/2024/10/Rameaux-Egypte-Selling-Palm-Elraheb-150x100.jpg 150w, https://www.listephoenix.com/wp-content/uploads/2024/10/Rameaux-Egypte-Selling-Palm-Elraheb-768x510.jpg 768w, https://www.listephoenix.com/wp-content/uploads/2024/10/Rameaux-Egypte-Selling-Palm-Elraheb.jpg 1440w" sizes="auto, (max-width: 1024px) 100vw, 1024px" /></figure>



<p>Le Dies palmarum en Egypte. Photographie de Naguy El Raheb</p>



<p><strong>Mise à jour de nos articles relatifs au Dies palmarum et à l&rsquo;introduction des palmiers en Europe</strong>. Les plantes occupent une place importante dans les textes bibliques et parmi elles le palmier-dattier (<em>Phoenix dactylifera</em>) qui fait partie des principaux rites chrétiens orientaux, copte, byzantin, arménien, chaldéen, syrien ou maronite. Cette tradition remonte à la mention dans les Évangiles de l’entrée du Christ à Jérusalem. Le&nbsp;<em>Dies Palmarum</em>&nbsp;(Office des Palmes ou Dimanche des Rameaux) est ainsi célébré depuis le 4<sup>ème</sup>&nbsp;siècle à Jérusalem et en Egypte par les églises chrétiennes. L’introduction de l’imagerie du palmier en Occident, où cet arbre était alors inconnu, remonte à l’époque où le monachisme et l’érémitisme se développèrent dans les déserts et les oasis du Moyen-Orient. Les palmiers, qui participaient du quotidien des moines, étaient en effet largement représentés dans les monastères. Ces mêmes monastères allaient être par la suite à l’origine de évangélisation de l’Europe, avec notamment l’installation d‘ermites orientaux sur la côte ligure, Sant’Ampelio à Bordighera et surtout Saint Honorat à Cannes, sur l’île de Lérins dont le rayonnement s’étendra jusqu’à l’Irlande. Les légendes relatives aux moines de Lérins et de Bordighera font explicitement allusion à la présence du palmier, qui devient vite incontournable dans l’iconographie chrétienne en Occident. On le retrouve dés lors dans l’architecture des églises et dans leur décoration, en tant qu’attribut des saints orientaux mais aussi des martyrs chrétiens. Le palmier va ainsi posséder dans l’Occident chrétien une connotation hautement exotique, celle d’un emblème de la Terre Sainte. Elle ressort plus particulièrement de la célébration du Dimanche des Palmes, le&nbsp;<em>Dies Palmarum</em>, qui inaugure la Semaine Sainte. Les moines et les moniales lui donneront une dimension de catéchisme populaire avec la diffusion de la tradition des feuilles de palmes tressées qui s’étend de nos jours à l’ensemble du monde chrétien. Mais au-delà de l’imagerie exotique et/ou religieuse, l’histoire du&nbsp;<em>Dies Palmarum</em>&nbsp;est aussi celle de l’introduction et de la diffusion d’une plante, avec la fondation des deux palmeraies médiévales d’Elche en Espagne et de Bordighera en Italie. <strong><a href="http://www.listephoenix.com/?page_id=10256">Lien</a></strong></p>



<figure class="wp-block-embed is-type-video is-provider-youtube wp-block-embed-youtube wp-embed-aspect-16-9 wp-has-aspect-ratio"><div class="wp-block-embed__wrapper">
<iframe loading="lazy" title="¿Qué le pasó a las palmeras en la CDMX? - N+" width="500" height="281" src="https://www.youtube.com/embed/GLSo8pOpGgk?feature=oembed" frameborder="0" allow="accelerometer; autoplay; clipboard-write; encrypted-media; gyroscope; picture-in-picture; web-share" referrerpolicy="strict-origin-when-cross-origin" allowfullscreen></iframe>
</div></figure>



<p><strong>NOUVELLES MENACES&nbsp;: Actualités de la lutte intégrée (IPM) en Amérique du Sud.</strong> Les informations récentes en provenance de la région des Caraïbes viennent confirmer l’installation du charançon rouge du palmier (Red Palm Weevil) dans la région. Il s’agit de l’île franco-néerlandaise de Saint Martin et du Mexique où les dégâts sont spectaculaires. Le ravageur est par ailleurs présent depuis 2022 en Uruguay où sa progression continue. Nous nous sommes rendus en 2024 sur l’île de Saint Martin, où nous avons pris contact avec les acteurs de la lutte. Le compte-rendu de notre visite est en ligne <a href="http://www.listephoenix.com/?p=11962"><strong>ici</strong></a></p>

<p>Bonjour et bonne année 2026. Notre site évolue de même que nos activités. Nous avons notamment renouvelé nos collaborations relatives à la sociologie des cultures&#8230;</p>
<div class="more-link-wrapper"><a class="more-link" href="https://www.listephoenix.com/">Continue reading<span class="screen-reader-text">ACTUALITÉS</span></a></div>
